{"id":187,"date":"2018-06-15T12:19:21","date_gmt":"2018-06-15T12:19:21","guid":{"rendered":"http:\/\/www.villasanignacio.com.ar\/w\/?page_id=187"},"modified":"2018-11-13T19:04:15","modified_gmt":"2018-11-13T19:04:15","slug":"bariloche_fr","status":"publish","type":"page","link":"https:\/\/www.villasanignacio.com.ar\/w\/bariloche_fr\/","title":{"rendered":"Bariloche"},"content":{"rendered":"<h2><span style=\"color: #333300;\">Bariloche<\/span><\/h2>\n<p><img loading=\"lazy\" decoding=\"async\" class=\"alignnone wp-image-95\" src=\"http:\/\/www.villasanignacio.com.ar\/w\/wp-content\/uploads\/2018\/06\/barilochedron-300x197.jpg\" alt=\"\" width=\"240\" height=\"158\" srcset=\"https:\/\/www.villasanignacio.com.ar\/w\/wp-content\/uploads\/2018\/06\/barilochedron-300x197.jpg 300w, https:\/\/www.villasanignacio.com.ar\/w\/wp-content\/uploads\/2018\/06\/barilochedron-320x211.jpg 320w, https:\/\/www.villasanignacio.com.ar\/w\/wp-content\/uploads\/2018\/06\/barilochedron-480x316.jpg 480w, https:\/\/www.villasanignacio.com.ar\/w\/wp-content\/uploads\/2018\/06\/barilochedron.jpg 506w\" sizes=\"(max-width: 240px) 100vw, 240px\" \/> <img loading=\"lazy\" decoding=\"async\" class=\"alignnone wp-image-97\" src=\"http:\/\/www.villasanignacio.com.ar\/w\/wp-content\/uploads\/2018\/06\/playaverde-300x200.jpg\" alt=\"\" width=\"237\" height=\"158\" srcset=\"https:\/\/www.villasanignacio.com.ar\/w\/wp-content\/uploads\/2018\/06\/playaverde-300x200.jpg 300w, https:\/\/www.villasanignacio.com.ar\/w\/wp-content\/uploads\/2018\/06\/playaverde-768x512.jpg 768w, https:\/\/www.villasanignacio.com.ar\/w\/wp-content\/uploads\/2018\/06\/playaverde-320x213.jpg 320w, https:\/\/www.villasanignacio.com.ar\/w\/wp-content\/uploads\/2018\/06\/playaverde-480x320.jpg 480w, https:\/\/www.villasanignacio.com.ar\/w\/wp-content\/uploads\/2018\/06\/playaverde-800x534.jpg 800w, https:\/\/www.villasanignacio.com.ar\/w\/wp-content\/uploads\/2018\/06\/playaverde.jpg 1024w\" sizes=\"(max-width: 237px) 100vw, 237px\" \/> <img loading=\"lazy\" decoding=\"async\" class=\"alignnone wp-image-98\" src=\"http:\/\/www.villasanignacio.com.ar\/w\/wp-content\/uploads\/2018\/06\/playabonita-300x169.jpg\" alt=\"\" width=\"282\" height=\"159\" srcset=\"https:\/\/www.villasanignacio.com.ar\/w\/wp-content\/uploads\/2018\/06\/playabonita-300x169.jpg 300w, https:\/\/www.villasanignacio.com.ar\/w\/wp-content\/uploads\/2018\/06\/playabonita-768x432.jpg 768w, https:\/\/www.villasanignacio.com.ar\/w\/wp-content\/uploads\/2018\/06\/playabonita-320x180.jpg 320w, https:\/\/www.villasanignacio.com.ar\/w\/wp-content\/uploads\/2018\/06\/playabonita-480x270.jpg 480w, https:\/\/www.villasanignacio.com.ar\/w\/wp-content\/uploads\/2018\/06\/playabonita-800x450.jpg 800w, https:\/\/www.villasanignacio.com.ar\/w\/wp-content\/uploads\/2018\/06\/playabonita.jpg 1024w\" sizes=\"(max-width: 282px) 100vw, 282px\" \/><\/p>\n<p><img loading=\"lazy\" decoding=\"async\" class=\"alignnone wp-image-99\" src=\"http:\/\/www.villasanignacio.com.ar\/w\/wp-content\/uploads\/2018\/06\/puntanevada-300x200.jpg\" alt=\"\" width=\"242\" height=\"161\" srcset=\"https:\/\/www.villasanignacio.com.ar\/w\/wp-content\/uploads\/2018\/06\/puntanevada-300x200.jpg 300w, https:\/\/www.villasanignacio.com.ar\/w\/wp-content\/uploads\/2018\/06\/puntanevada-768x512.jpg 768w, https:\/\/www.villasanignacio.com.ar\/w\/wp-content\/uploads\/2018\/06\/puntanevada-320x213.jpg 320w, https:\/\/www.villasanignacio.com.ar\/w\/wp-content\/uploads\/2018\/06\/puntanevada-480x320.jpg 480w, https:\/\/www.villasanignacio.com.ar\/w\/wp-content\/uploads\/2018\/06\/puntanevada-800x534.jpg 800w, https:\/\/www.villasanignacio.com.ar\/w\/wp-content\/uploads\/2018\/06\/puntanevada.jpg 1024w\" sizes=\"(max-width: 242px) 100vw, 242px\" \/> <img loading=\"lazy\" decoding=\"async\" class=\"alignnone wp-image-100\" src=\"http:\/\/www.villasanignacio.com.ar\/w\/wp-content\/uploads\/2018\/06\/limay-300x200.jpg\" alt=\"\" width=\"245\" height=\"163\" srcset=\"https:\/\/www.villasanignacio.com.ar\/w\/wp-content\/uploads\/2018\/06\/limay-300x200.jpg 300w, https:\/\/www.villasanignacio.com.ar\/w\/wp-content\/uploads\/2018\/06\/limay-768x512.jpg 768w, https:\/\/www.villasanignacio.com.ar\/w\/wp-content\/uploads\/2018\/06\/limay-320x213.jpg 320w, https:\/\/www.villasanignacio.com.ar\/w\/wp-content\/uploads\/2018\/06\/limay-480x320.jpg 480w, https:\/\/www.villasanignacio.com.ar\/w\/wp-content\/uploads\/2018\/06\/limay-800x534.jpg 800w, https:\/\/www.villasanignacio.com.ar\/w\/wp-content\/uploads\/2018\/06\/limay.jpg 1024w\" sizes=\"(max-width: 245px) 100vw, 245px\" \/> <img loading=\"lazy\" decoding=\"async\" class=\"alignnone wp-image-101\" src=\"http:\/\/www.villasanignacio.com.ar\/w\/wp-content\/uploads\/2018\/06\/canopynieve-300x200.jpg\" alt=\"\" width=\"246\" height=\"164\" srcset=\"https:\/\/www.villasanignacio.com.ar\/w\/wp-content\/uploads\/2018\/06\/canopynieve-300x200.jpg 300w, https:\/\/www.villasanignacio.com.ar\/w\/wp-content\/uploads\/2018\/06\/canopynieve-768x512.jpg 768w, https:\/\/www.villasanignacio.com.ar\/w\/wp-content\/uploads\/2018\/06\/canopynieve-320x213.jpg 320w, https:\/\/www.villasanignacio.com.ar\/w\/wp-content\/uploads\/2018\/06\/canopynieve-480x320.jpg 480w, https:\/\/www.villasanignacio.com.ar\/w\/wp-content\/uploads\/2018\/06\/canopynieve-800x534.jpg 800w, https:\/\/www.villasanignacio.com.ar\/w\/wp-content\/uploads\/2018\/06\/canopynieve.jpg 1024w\" sizes=\"(max-width: 246px) 100vw, 246px\" \/><\/p>\n<hr \/>\n<h2 align=\"left\"><u><b><i>Activit\u00e9s:<\/i><\/b><\/u><\/h2>\n<p>&nbsp;<\/p>\n<p align=\"left\"><strong><span lang=\"FR\">Activit\u00e9s a faire en San Carlos de Bariloche:<\/span><br \/>\n<\/strong><\/p>\n<table id=\"table5\" border=\"0\" width=\"100%\" cellspacing=\"0\" cellpadding=\"3\">\n<tbody>\n<tr>\n<td width=\"53\"><a href=\"http:\/\/villasanignacio.com.ar\/images\/flyfishing.jpg\" target=\"_self\"> <img loading=\"lazy\" decoding=\"async\" src=\"http:\/\/villasanignacio.com.ar\/flyfishing.jpg\" width=\"100\" height=\"102\" border=\"0\" \/><\/a><\/td>\n<td><b><span lang=\"FR\">P\u00eache de la truite\u00a0 dans les diff\u00e9rents styles.<br \/>\nDu 01 novembre au 30 avril.<\/span><\/b><\/td>\n<\/tr>\n<tr class=\"alt\">\n<td width=\"53\"><a href=\"http:\/\/villasanignacio.com.ar\/images\/pescaembarcada.jpg\" target=\"_self\"> <img loading=\"lazy\" decoding=\"async\" src=\"http:\/\/villasanignacio.com.ar\/fpescae.jpg\" width=\"100\" height=\"73\" border=\"0\" \/><\/a><\/td>\n<td><b><span lang=\"EN-US\">P\u00eache en bateau<\/span><\/b><\/td>\n<\/tr>\n<tr>\n<td width=\"53\"><a href=\"http:\/\/villasanignacio.com.ar\/images\/cabalgata.jpg\" target=\"_self\"> <img loading=\"lazy\" decoding=\"async\" src=\"http:\/\/villasanignacio.com.ar\/fcabalgata.jpg\" width=\"100\" height=\"103\" border=\"0\" \/><\/a><\/td>\n<td><span lang=\"EN-US\"><span lang=\"FR\">Promenade \u00e0 cheval \u00a0avec des chevaux criollos par les chemins de montagne.<\/span><\/span><\/td>\n<\/tr>\n<tr class=\"alt\">\n<td width=\"53\"><a href=\"http:\/\/villasanignacio.com.ar\/images\/mountainbike.jpg\" target=\"_self\"> <img loading=\"lazy\" decoding=\"async\" src=\"http:\/\/villasanignacio.com.ar\/mountainbike.jpg\" width=\"100\" height=\"80\" border=\"0\" \/><\/a><\/td>\n<td><span lang=\"EN-US\"><span lang=\"FR\">V\u00e9lo de montagne VTT (mountain bike) par chemins et montagnes<\/span><\/span><\/td>\n<\/tr>\n<tr>\n<td width=\"53\"><a href=\"http:\/\/villasanignacio.com.ar\/images\/trekking.jpg\" target=\"_self\"> <img loading=\"lazy\" decoding=\"async\" src=\"http:\/\/villasanignacio.com.ar\/ftrekking.jpg\" width=\"100\" height=\"97\" border=\"0\" \/><\/a><\/td>\n<td>\n<p align=\"left\"><span lang=\"EN-US\"><span lang=\"FR\">Trekking, camping, rapel, escalades avec la possibilit\u00e9 de passer la nuit dans les refuges de montagne<\/span><\/span><\/p>\n<\/td>\n<\/tr>\n<tr class=\"alt\">\n<td width=\"53\"><a href=\"http:\/\/villasanignacio.com.ar\/images\/esquiadores.jpg\" target=\"_self\"> <img loading=\"lazy\" decoding=\"async\" src=\"http:\/\/villasanignacio.com.ar\/esquiaqdores.jpg\" width=\"100\" height=\"86\" border=\"0\" \/><\/a><\/td>\n<td><span lang=\"FR\">Sports de neige du le 01\u00a0 juillet au 30 de septembre.<br \/>\n(Ski de descente, ski de fond, snowboard, snowcat, etc)<\/span><\/td>\n<\/tr>\n<tr>\n<td width=\"53\"><\/td>\n<td><\/td>\n<\/tr>\n<tr class=\"alt\">\n<td width=\"53\"><a href=\"http:\/\/villasanignacio.com.ar\/images\/lagofrias.jpg\" target=\"_self\"> <img loading=\"lazy\" decoding=\"async\" src=\"http:\/\/villasanignacio.com.ar\/ffrias.jpg\" width=\"100\" height=\"82\" border=\"0\" \/><\/a><\/td>\n<td><span lang=\"EN-US\"><span lang=\"FR\">Promenades par les lacs \u00e0 l\u00b4 \u00cele \u00a0Victoria\u00a0 et la For\u00eat de Myrtes (arrayanes) \u00a0unique au monde, le Port Blest, Lac Fr\u00edas et Cascade de los C\u00e1ntaros, eventuallement excursion lacustre jusqu\u00b4au Chili.<\/span><\/span><\/td>\n<\/tr>\n<tr>\n<td width=\"53\"><a href=\"http:\/\/villasanignacio.com.ar\/images\/rafting.jpg\" target=\"_self\"> <img loading=\"lazy\" decoding=\"async\" src=\"http:\/\/villasanignacio.com.ar\/frafting.jpg\" width=\"100\" height=\"75\" border=\"0\" \/><\/a><\/td>\n<td><b><span lang=\"EN-US\"><span lang=\"FR\">Rafting par les fleuves \u00a0Manso y Limay.<\/span><\/span><\/b><\/td>\n<\/tr>\n<tr class=\"alt\">\n<td width=\"53\"><a href=\"http:\/\/villasanignacio.com.ar\/images\/llaollao.jpg\" target=\"_self\"> <img loading=\"lazy\" decoding=\"async\" src=\"http:\/\/villasanignacio.com.ar\/fllaollao.jpg\" width=\"100\" height=\"101\" border=\"0\" \/><\/a><\/td>\n<td><span lang=\"EN-US\"><span lang=\"FR\">Promenades et travers\u00e9es par la ville faisant le\u00a0 Circuit Chico.<\/span><\/span><\/td>\n<\/tr>\n<tr>\n<td width=\"53\"><a href=\"http:\/\/villasanignacio.com.ar\/images\/tronador.jpg\" target=\"_self\"> <img loading=\"lazy\" decoding=\"async\" src=\"http:\/\/villasanignacio.com.ar\/ftronador.jpg\" width=\"100\" height=\"57\" border=\"0\" \/><\/a><\/td>\n<td><span lang=\"FR\">Excursion au Cerro Tronador, Cascade des Alerces (M\u00e9l\u00e8zes) et Ventisquero Noir, Lac Mascardi et Lac Guti\u00e9rrez<\/span><\/td>\n<\/tr>\n<tr class=\"alt\">\n<td width=\"53\"><a href=\"http:\/\/villasanignacio.com.ar\/images\/smandes.jpg\" target=\"_self\"> <img loading=\"lazy\" decoding=\"async\" src=\"http:\/\/villasanignacio.com.ar\/smandes.jpg\" width=\"100\" height=\"75\" border=\"0\" \/><\/a><\/td>\n<td><span lang=\"FR\">Excursion par la route des Sept Lacs vers San Martin de los Andes .<\/span><\/td>\n<\/tr>\n<tr>\n<td width=\"53\"><a href=\"http:\/\/villasanignacio.com.ar\/images\/elbolson.jpg\" target=\"_self\"> <img loading=\"lazy\" decoding=\"async\" src=\"http:\/\/villasanignacio.com.ar\/fbolson.jpg\" width=\"100\" height=\"80\" border=\"0\" \/><\/a><\/td>\n<td><span lang=\"EN-US\"><span lang=\"FR\">Excursion au Bols\u00f3n, les fermes de fruits fins, le Lac Puelo.<\/span><\/span><\/td>\n<\/tr>\n<tr class=\"alt\">\n<td width=\"53\"><a href=\"http:\/\/villasanignacio.com.ar\/images\/lagotraful.jpg\" target=\"_self\"> <img loading=\"lazy\" decoding=\"async\" src=\"http:\/\/villasanignacio.com.ar\/ftraful.jpg\" width=\"100\" height=\"80\" border=\"0\" \/><\/a><\/td>\n<td><b><span lang=\"FR\">Ville Traful et Lac Traful.<\/span><\/b><\/td>\n<\/tr>\n<tr>\n<td width=\"53\"><a href=\"http:\/\/villasanignacio.com.ar\/images\/teleferico.jpg\" target=\"_self\"> <img loading=\"lazy\" decoding=\"async\" src=\"http:\/\/villasanignacio.com.ar\/teleferico.jpg\" width=\"100\" height=\"68\" border=\"0\" \/><\/a><\/td>\n<td><span lang=\"EN-US\">Salita al \u201cCerro Otto\u201d e visita al ristorante giratorio <\/span><\/td>\n<\/tr>\n<tr class=\"alt\">\n<td width=\"53\"><a href=\"http:\/\/villasanignacio.com.ar\/images\/campanario.jpg\" target=\"_self\"> <img loading=\"lazy\" decoding=\"async\" src=\"http:\/\/villasanignacio.com.ar\/fcampanario.jpg\" width=\"100\" height=\"75\" border=\"0\" \/><\/a><\/td>\n<td><span lang=\"FR\">Mont\u00e9e au Cerro Campanario, une de 7 meilleures vues du monde.<\/span><\/td>\n<\/tr>\n<tr>\n<td width=\"53\"><img loading=\"lazy\" decoding=\"async\" src=\"http:\/\/villasanignacio.com.ar\/actividades_archivos\/image002.jpg\" width=\"98\" height=\"95\" border=\"0\" \/><\/td>\n<td><span lang=\"FR\">Classes et spectacles de Tango.<br \/>\nSpectacles de folklore national.<\/span><\/td>\n<\/tr>\n<tr class=\"alt\">\n<td width=\"53\"><\/td>\n<\/tr>\n<tr>\n<td width=\"53\"><\/td>\n<\/tr>\n<\/tbody>\n<\/table>\n<p><span lang=\"EN-US\"><span lang=\"FR\">Visites au mus\u00e9e de la Patagonie, au Mus\u00e9e G\u00e9ologique et Pal\u00e9ontologique, Mus\u00e9es des anciens colons \u00a0de la\u00a0 Colonie\u00a0 Suisse. <\/span><\/span><\/p>\n<nav class=\"pagination group\"><\/nav>\n<div class=\"clear\"><\/div>\n<p>&nbsp;<\/p>\n","protected":false},"excerpt":{"rendered":"<p>Bariloche Activit\u00e9s: &nbsp; Activit\u00e9s a faire en San Carlos de Bariloche: P\u00eache de la truite\u00a0 dans les diff\u00e9rents styles. Du 01 novembre au 30 avril. P\u00eache en bateau Promenade \u00e0 cheval \u00a0avec des chevaux&#46;&#46;&#46;<\/p>\n","protected":false},"author":1,"featured_media":0,"parent":0,"menu_order":0,"comment_status":"closed","ping_status":"closed","template":"","meta":{"footnotes":""},"aioseo_notices":[],"_links":{"self":[{"href":"https:\/\/www.villasanignacio.com.ar\/w\/wp-json\/wp\/v2\/pages\/187"}],"collection":[{"href":"https:\/\/www.villasanignacio.com.ar\/w\/wp-json\/wp\/v2\/pages"}],"about":[{"href":"https:\/\/www.villasanignacio.com.ar\/w\/wp-json\/wp\/v2\/types\/page"}],"author":[{"embeddable":true,"href":"https:\/\/www.villasanignacio.com.ar\/w\/wp-json\/wp\/v2\/users\/1"}],"replies":[{"embeddable":true,"href":"https:\/\/www.villasanignacio.com.ar\/w\/wp-json\/wp\/v2\/comments?post=187"}],"version-history":[{"count":5,"href":"https:\/\/www.villasanignacio.com.ar\/w\/wp-json\/wp\/v2\/pages\/187\/revisions"}],"predecessor-version":[{"id":349,"href":"https:\/\/www.villasanignacio.com.ar\/w\/wp-json\/wp\/v2\/pages\/187\/revisions\/349"}],"wp:attachment":[{"href":"https:\/\/www.villasanignacio.com.ar\/w\/wp-json\/wp\/v2\/media?parent=187"}],"curies":[{"name":"wp","href":"https:\/\/api.w.org\/{rel}","templated":true}]}}